
{"id":9,"date":"2025-10-05T17:33:24","date_gmt":"2025-10-05T17:33:24","guid":{"rendered":"https:\/\/www.cillieres2026.fr\/index.php\/home\/"},"modified":"2025-10-10T20:35:56","modified_gmt":"2025-10-10T18:35:56","slug":"home","status":"publish","type":"page","link":"https:\/\/www.cillieres2026.fr\/","title":{"rendered":"Une grande soir\u00e9e pour Bagneux !"},"content":{"rendered":"\n<figure class=\"wp-block-image size-large\"><img loading=\"lazy\" decoding=\"async\" width=\"1024\" height=\"445\" src=\"http:\/\/www.cillieres2026.fr\/wp-content\/uploads\/2025\/10\/Soiree-du-9-octobre-copie-basse-def-1024x445.jpg\" alt=\"\" class=\"wp-image-269\" srcset=\"https:\/\/www.cillieres2026.fr\/wp-content\/uploads\/2025\/10\/Soiree-du-9-octobre-copie-basse-def-1024x445.jpg 1024w, https:\/\/www.cillieres2026.fr\/wp-content\/uploads\/2025\/10\/Soiree-du-9-octobre-copie-basse-def-300x130.jpg 300w, https:\/\/www.cillieres2026.fr\/wp-content\/uploads\/2025\/10\/Soiree-du-9-octobre-copie-basse-def-768x334.jpg 768w, https:\/\/www.cillieres2026.fr\/wp-content\/uploads\/2025\/10\/Soiree-du-9-octobre-copie-basse-def-1536x667.jpg 1536w, https:\/\/www.cillieres2026.fr\/wp-content\/uploads\/2025\/10\/Soiree-du-9-octobre-copie-basse-def-2048x890.jpg 2048w\" sizes=\"auto, (max-width: 1024px) 100vw, 1024px\" \/><\/figure>\n\n\n\n<p>Plus de 1000 personnes se sont retrouv\u00e9es le 9 octobre \u00e0 la salle des f\u00eates L\u00e9o Ferr\u00e9, \u00e0 l&rsquo;invitation de Marie-H\u00e9l\u00e8ne Amiable, Maire de Bagneux.<\/p>\n\n\n\n<p>Une belle soir\u00e9e pleine d&rsquo;\u00e9motions autour de Marie-H\u00e9l\u00e8ne Amiable et H\u00e9l\u00e8ne Cilli\u00e8res.<\/p>\n\n\n\n<p>Retrouvez ci-dessous les discours de Marie-H\u00e9l\u00e8ne Amiable et d&rsquo;H\u00e9l\u00e8ne Cilli\u00e8res prononc\u00e9s lors de cette soir\u00e9e.<\/p>\n\n\n\n<div data-wp-interactive=\"core\/file\" class=\"wp-block-file\"><object data-wp-bind--hidden=\"!state.hasPdfPreview\" hidden class=\"wp-block-file__embed\" data=\"http:\/\/www.cillieres2026.fr\/wp-content\/uploads\/2025\/10\/Discours-9-octobre-MHA.pdf\" type=\"application\/pdf\" style=\"width:100%;height:600px\" aria-label=\"Contenu embarqu\u00e9 Discours 9 octobre - Marie-H\u00e9l\u00e8ne Amiable.\"><\/object><a id=\"wp-block-file--media-920cc96f-0772-4b4b-bc7d-d7d79692944c\" href=\"http:\/\/www.cillieres2026.fr\/wp-content\/uploads\/2025\/10\/Discours-9-octobre-MHA.pdf\">Discours 9 octobre &#8211; Marie-H\u00e9l\u00e8ne Amiable<\/a><a href=\"http:\/\/www.cillieres2026.fr\/wp-content\/uploads\/2025\/10\/Discours-9-octobre-MHA.pdf\" class=\"wp-block-file__button wp-element-button\" download aria-describedby=\"wp-block-file--media-920cc96f-0772-4b4b-bc7d-d7d79692944c\">T\u00e9l\u00e9charger<\/a><\/div>\n\n\n\n<div data-wp-interactive=\"core\/file\" class=\"wp-block-file\"><object data-wp-bind--hidden=\"!state.hasPdfPreview\" hidden class=\"wp-block-file__embed\" data=\"http:\/\/www.cillieres2026.fr\/wp-content\/uploads\/2025\/10\/Discours-9-octobre-HC.pdf\" type=\"application\/pdf\" style=\"width:100%;height:600px\" aria-label=\"Contenu embarqu\u00e9 Discours 9 octobre - H\u00e9l\u00e8ne Cilli\u00e8res.\"><\/object><a id=\"wp-block-file--media-22a310a1-bcad-4916-aadd-babac4f483b8\" href=\"http:\/\/www.cillieres2026.fr\/wp-content\/uploads\/2025\/10\/Discours-9-octobre-HC.pdf\">Discours 9 octobre &#8211; H\u00e9l\u00e8ne Cilli\u00e8res<\/a><a href=\"http:\/\/www.cillieres2026.fr\/wp-content\/uploads\/2025\/10\/Discours-9-octobre-HC.pdf\" class=\"wp-block-file__button wp-element-button\" download aria-describedby=\"wp-block-file--media-22a310a1-bcad-4916-aadd-babac4f483b8\">T\u00e9l\u00e9charger<\/a><\/div>\n","protected":false},"excerpt":{"rendered":"<p>Plus de 1000 personnes se sont retrouv\u00e9es le 9 octobre \u00e0 la salle des f\u00eates L\u00e9o Ferr\u00e9, \u00e0 l&rsquo;invitation de Marie-H\u00e9l\u00e8ne Amiable, Maire de Bagneux. Une belle soir\u00e9e pleine d&rsquo;\u00e9motions autour de Marie-H\u00e9l\u00e8ne Amiable et H\u00e9l\u00e8ne Cilli\u00e8res. Retrouvez ci-dessous les discours de Marie-H\u00e9l\u00e8ne Amiable et d&rsquo;H\u00e9l\u00e8ne Cilli\u00e8res prononc\u00e9s lors de cette soir\u00e9e.<\/p>\n","protected":false},"author":1,"featured_media":0,"parent":0,"menu_order":0,"comment_status":"closed","ping_status":"closed","template":"page-template\/home-page.php","meta":{"footnotes":""},"class_list":["post-9","page","type-page","status-publish","hentry"],"_links":{"self":[{"href":"https:\/\/www.cillieres2026.fr\/index.php\/wp-json\/wp\/v2\/pages\/9","targetHints":{"allow":["GET"]}}],"collection":[{"href":"https:\/\/www.cillieres2026.fr\/index.php\/wp-json\/wp\/v2\/pages"}],"about":[{"href":"https:\/\/www.cillieres2026.fr\/index.php\/wp-json\/wp\/v2\/types\/page"}],"author":[{"embeddable":true,"href":"https:\/\/www.cillieres2026.fr\/index.php\/wp-json\/wp\/v2\/users\/1"}],"replies":[{"embeddable":true,"href":"https:\/\/www.cillieres2026.fr\/index.php\/wp-json\/wp\/v2\/comments?post=9"}],"version-history":[{"count":2,"href":"https:\/\/www.cillieres2026.fr\/index.php\/wp-json\/wp\/v2\/pages\/9\/revisions"}],"predecessor-version":[{"id":294,"href":"https:\/\/www.cillieres2026.fr\/index.php\/wp-json\/wp\/v2\/pages\/9\/revisions\/294"}],"wp:attachment":[{"href":"https:\/\/www.cillieres2026.fr\/index.php\/wp-json\/wp\/v2\/media?parent=9"}],"curies":[{"name":"wp","href":"https:\/\/api.w.org\/{rel}","templated":true}]}}